3*h + 0*v - 8 = v. What are the prime factors of h?
2
Suppose 0 = 3*d - 0*d - 312. Suppose 0 = -2*s + 7*p - 8*p + d, 2*p = -5*s + 260. What are the prime factors of s?
2, 13
Suppose -4*k + 702 = -5*j - 2616, k + 2646 = -4*j. Let v = 1591 + j. List the prime factors of v.
929
Suppose -7*q + 6*q = -3*b + 14839, -b - 3*q + 4933 = 0. List the prime factors of b.
5, 23, 43
Let h(l) = -l**3 + 26*l**2 - 30*l + 111. What are the prime factors of h(21)?
2, 3, 281
Let b = 85 - 148. Let q = 64 + b. What are the prime factors of (5 - q)/((-3)/(-57)*2)?
2, 19
Let v(q) = 22*q + 23. Let j(i) = 3*i**2 - 8*i + 10. Let k be j(2). Let z be v(k). Suppose -12*g + 17*g = z. List the prime factors of g.
31
Let g(f) = -f**3 - 14*f**2 - 33*f - 2. Let a be g(-11). Suppose m + 0*p = -3*p - 12, 0 = 4*m - 3*p - 27. What are the prime factors of 8/m - a/(-3)?
2
Let y(g) = 51*g**2 - 173*g + 64. List the prime factors of y(20).
2, 3, 13, 109
Suppose 2397 = -73*j + 1319171. List the prime factors of j.
2, 29, 311
Suppose -5*y + 21158 = 3*i, 48*y + 21150 = 53*y + 5*i. List the prime factors of y.
2, 29, 73
Let l(p) = -p**3 + p**2. Let j(c) = -7*c**3 + 20*c**2 - 18*c + 6. Let y(v) = -j(v) + 6*l(v). Let n be y(12). List the prime factors of 176/33*n/(-4).
2, 13
Suppose -164*f = -237*f + 129575. List the prime factors of f.
5, 71
Let c = -159 - -215. Let j(a) = -a**3 + 12*a**2 - 10*a - 6. Let w be j(9). Let z = w - c. What are the prime factors of z?
7, 13
Suppose -56*z - 10 = -51*z. Let p be ((-13)/3 + 1)/(z/69). Suppose -3*w = -4*c + p - 542, 0 = 4*w + c - 544. What are the prime factors of w?
137
Let k(y) = 741*y + 1215. List the prime factors of k(10).
3, 5, 23
Let i(u) = 3*u + 9. Let v be i(-3). Suppose o - 4*o + 3 = v. List the prime factors of (-6 + o)*(-2 - 56/5).
2, 3, 11
Let s(d) = -24914*d**3 - 16*d**2 - 12*d + 2. What are the prime factors of s(-1)?
2, 3, 173
Let h(n) = -n**2 - 7*n - 6. Let l be h(-8). Let s = -4 - l. Suppose s = 5*p, -z + 76 = 4*p - 42. List the prime factors of z.
2, 5, 11
Let w = -9575 + 31481. List the prime factors of w.
2, 3, 1217
Let l be (3 - 4) + 0/(-1) + -706. What are the prime factors of 12*10/(-15) - l?
3, 233
Let n(m) = 2*m**3 + 6*m**2 + 31*m + 171. List the prime factors of n(13).
2, 3, 997
Let v(q) = 2*q - 3. Let b be v(3). Suppose 0 = b*w + 6, -5*u = 3*w + 9 - 23. Suppose -86 = -3*k - m, -3*k - 2*m + u*m = -89. List the prime factors of k.
29
Suppose -3*p = 2*j - 5*p + 2, 0 = -2*j + 3*p - 5. What are the prime factors of 769 - ((0 - 0) + 8)/j?
3, 5, 17
What are the prime factors of (13014/(-72))/((-3*6/(-1692))/(-2))?
3, 47, 241
Let c = 36099 - -15776. What are the prime factors of c?
5, 83
Let u(a) = 2*a**2 - 22*a + 1. Let l be u(10). Let q = l + 24. Suppose 2*p = -q*r - 0*p + 318, -p + 4 = 0. What are the prime factors of r?
2, 31
Let r = -37 + 40. Let s be 1/((-4)/(-426)*r/(-4)). Let z = -66 - s. What are the prime factors of z?
2, 19
What are the prime factors of (-272690)/(-44) - 3/(-6)?
2, 3, 1033
Let t(y) = 64*y**2 + 104*y + 1536. What are the prime factors of t(-13)?
2, 5, 11
Let q(a) = -3*a + 38. Let n be q(5). Suppose u - 5*t + n = 443, 4*t + 416 = u. List the prime factors of u.
2, 5
Suppose -5*o - 29 = -4, 2*o = 4*n + 30. Let y be (-1)/(n/(-528)) + (-2)/10. Let m = y - -122. What are the prime factors of m?
3, 23
Let f(c) = c + 16. Let l = 198 - 187. What are the prime factors of f(l)?
3
Let f(h) = -4*h**3 - 16*h**2 - 9*h + 6. Let j(d) = -4*d**3 - 18*d**2 - 10*d + 7. Let c(p) = 4*f(p) - 3*j(p). What are the prime factors of c(-7)?
3, 103
List the prime factors of (180/60)/((-1)/(14188/(-12))).
3547
Let g(a) = -2*a**3 - 11*a**2 + 11*a - 34. Let l = -265 - -255. List the prime factors of g(l).
2, 3, 7
Suppose -3*n + 30 = 36. Let y be (n/(-4) + -2)/((-2)/(-4)). List the prime factors of (-590)/(-5) - (y + 0).
11
Suppose 438*z - 296257 = 6440555 + 180522. List the prime factors of z.
17, 929
Let d = -25258 + 43804. List the prime factors of d.
2, 3, 11, 281
Suppose -5*i = 4*a - 39558, -10*i + 12*i = 5*a + 15810. List the prime factors of i.
2, 5, 7, 113
Suppose 3*j - 3*u = 3726, 4960 = 4*j - 3*u + u. What are the prime factors of j?
2, 619
Let x = 12613 - -11187. What are the prime factors of x?
2, 5, 7, 17
What are the prime factors of ((-58133)/(-11) - 3/33*-2) + 6?
11, 13, 37
Suppose 381 = 12*k - 651. Suppose k = 4*m - 1174. List the prime factors of m.
3, 5, 7
Suppose -15*z + 252205 = 5*b, 4*z + 18*b - 67251 = 13*b. What are the prime factors of z?
2, 7, 1201
Let l be (22/5)/((-4)/160*2). Let a = 76 + l. List the prime factors of (-224)/a*(33/6 + -1).
2, 3, 7
Let u(x) = 10*x**3 - 3*x + 2. Let l be u(1). Suppose -l*b + 51 = -6*b. List the prime factors of (0 - b)/(24/(-48)).
2, 17
Let d = -56 + 60. Suppose 24 = -2*o - 4*m, -m - m = -d*o + 2. What are the prime factors of (-68)/(-6)*(-6)/o?
2, 17
Let w be 3*6/(-36)*0. Suppose -11*h + 12*h - 527 = w. List the prime factors of h.
17, 31
Suppose -3*x = 4*k - 72399 - 215651, 18 = -3*x. List the prime factors of k.
11, 6547
Suppose 0 = 4*n - 7*n + 18. Let t(q) = -2*q**2 + 5*q + 5. Let y be t(n). Let a = 10 - y. List the prime factors of a.
47
Let g(w) = -6*w + 32. Let x be g(5). Suppose 0 = 5*q + 5*b - 1280, x*b - 1259 = -5*q + 4*b. What are the prime factors of q?
11, 23
Suppose 5*b - 2*z = -32171 + 102489, 3*z = -3*b + 42216. What are the prime factors of b?
2, 13, 541
Suppose -9*h = -4*h + 5*n - 35, -3 = -n. Let m = -2220 + 3159. List the prime factors of m/15 + h/10.
3, 7
Suppose 50 = 10*m - 10. Suppose -4*g + t = -0*g - 15, -m = -3*g - t. Suppose -5*f + 4*u + 439 = 0, -5*f - g*u = -8*u - 435. What are the prime factors of f?
7, 13
Suppose 4*z + 0*a = 4*a + 264, 0 = -a + 3. Let y = z + -59. List the prime factors of 612/y + 0 + 7/(-35).
61
Let c = 78007 + -49648. What are the prime factors of c?
3, 23, 137
Let b = 15093 + -6306. What are the prime factors of b?
3, 29, 101
Let g(q) = -339*q - 13. Let y be g(1). Let p = y - -429. What are the prime factors of p?
7, 11
Let l(v) = -8*v + 213. Let r(f) = -f. Let m(d) = l(d) + 3*r(d). What are the prime factors of m(-39)?
2, 3, 107
Suppose -55794 = -8*t - 17810. What are the prime factors of t?
2, 1187
Let i be (1 - -1)/(((-20)/31)/(-10)). Suppose -i*r = -r - 9030. List the prime factors of r.
7, 43
List the prime factors of 1/(6256824/368048 + -17).
2, 23003
Suppose -4*r + 34860 = 2*c, 2*r + 240*c - 17414 = 243*c. List the prime factors of r.
8713
Let p(k) = 128*k**2 + 4*k - 10. Let b = 20 - 18. Let u be p(b). Suppose x - u = -4*x. What are the prime factors of x?
2, 3, 17
Let y(u) = 2*u**2 + 5*u + 28. Let h = -186 + 179. List the prime factors of y(h).
7, 13
Let q = 29 + 1106. What are the prime factors of 15/(-45) - q/(-3)?
2, 3, 7
Let p(k) = 4*k**3 + 4*k**2 - 5*k + 4. Let i be p(4). Let h = -101 + i. List the prime factors of h.
7, 29
Suppose -4*a - 31 = -5*p - 0*a, 0 = p + 3*a - 10. List the prime factors of (119140/36)/p - (-12)/54.
11, 43
What are the prime factors of (27/(-12) - 5)*-1640?
2, 5, 29, 41
Suppose -8*v = -4*v + 9*v. Suppose 11*s - 3933 - 2480 = v. List the prime factors of s.
11, 53
Let k(j) = -j**3 + 28*j**2 + 57*j + 18. Let s(b) = b**3 - b**2 - b + 1. Let m(w) = k(w) + 2*s(w). List the prime factors of m(-23).
2, 3, 19
Suppose 0 = 4*m + 3*w - 2744 - 35226, 5*m - w = 47472. List the prime factors of m.
2, 47, 101
Let u = 20602 - 10016. What are the prime factors of u?
2, 67, 79
Let q = 305 - 167. Let w = 267 + q. What are the prime factors of w?
3, 5
Suppose 3*w - 767*a + 762*a - 111154 = 0, -w - 5*a + 37098 = 0. List the prime factors of w.
13, 2851
Let k(t) = -3*t**2 + 8*t + 8. Let j be k(6). Let g be 21 - (3 + (-5)/((-15)/(-6))). What are the prime factors of 4*15/g - j?
5, 11
Suppose -n - 3*j + 2725 = 0, -n + 4*j - 318 = -3022. Suppose -4*z = 5*u - n, -5*u + 8*z - 7*z = -2721. List the prime factors of u.
2, 17
Suppose -2*g + 5 = -25. Let d = 1 - g. Let x = 67 + d. List the prime factors of x.
53
Let t(g) = 49*g - 7. Let n be t(-6). Let a = 90 - n. List the prime factors of a.
17, 23
Suppose 5*a = 3 - 78. Let o be (-45)/a*8/(-3). What are the prime factors of (-246)/o*(-32)/(-12)?
2, 41
List the prime factors of (1418/(-3))/((-22)/264).
2, 709
Let r(s) = 7*s**2 + s - 3. Let q be r(-5). Suppose q + 505 